
47
Let x(w) = -16*w**2 + 2*w + 4. What is x(-2)?
-64
Let t(h) = h**3 + 7*h**2 + 3*h + 25. Determine t(-8).
-63
Let z(s) = s**3 + 8*s**2 - s - 7. What is z(-8)?
1
Let b(s) = -s**3 - 32. Calculate b(0).
-32
Let b(q) = -14*q**2 - q - 1. What is b(-3)?
-124
Let h(z) = z**2 - 9. Give h(-4).
7
Let w(b) = 17*b**2 - 6*b - 5. Calculate w(-1).
18
Let q(f) = -3*f - 8. Give q(2).
-14
Let f(g) = -2*g**3 + 12*g**2 + 6*g - 28. Give f(6).
8
Let l(u) = u**3 + 2*u**2 - 5*u - 16. Determine l(-5).
-66
Let b(s) = 75*s - 14. Determine b(2).
136
Let k(y) = -2*y**3 - 33*y**2 - 15*y + 2. Determine k(-16).
-14
Let g(z) = 10*z - 38. Calculate g(10).
62
Let l(x) = -x**3 + 8*x**2 + 2*x - 7. Give l(7).
56
Let x(c) = -c**3 - 10*c**2 + 14*c + 9. Give x(-11).
-24
Let d(a) = -3*a**2 + 37*a - 90. What is d(8)?
14
Let d(r) = 2*r + 12. Give d(-10).
-8
Let w(p) = -p**2 + 4*p - 5. Calculate w(3).
-2
Let r(t) = -9*t - 5. Give r(-1).
4
Let l(c) = -c**2 + 10*c - 16. Determine l(8).
0
Let r(q) = -6*q + 26. What is r(5)?
-4
Let q(y) = -y**2 + y - 4. What is q(0)?
-4
Let j(o) = -17*o**2 - o - 1. Determine j(-2).
-67
Let r(q) = -q**3 + 15*q**2 - 25*q - 8. Determine r(13).
5
Let t(s) = -s + 14. Give t(6).
8
Let s(i) = -2*i**3 - 16*i**2 + 11*i - 58. Calculate s(-9).
5
Let l(r) = r**2 - r. Determine l(0).
0
Let w(n) = 14*n + 73. What is w(-7)?
-25
Let s(j) = j**3 - 14*j**2 + 14*j - 19. Calculate s(13).
-6
Let d(l) = 37*l - 217. Calculate d(6).
5
Let h(w) = -2*w - 10. Determine h(13).
-36
Let l(g) = -2*g - 51. Determine l(18).
-87
Let r(o) = 63*o + 248. Give r(-4).
-4
Let g(m) = m**3 - 5*m**2 - m + 22. Give g(0).
22
Let n(l) = -l**3 + 14*l**2 - 24*l - 19. Calculate n(12).
-19
Let g(q) = q**3 + 9*q**2 - 11*q - 13. What is g(-10)?
-3
Let q(o) = -11*o - 93. What is q(-9)?
6
Let b(k) = -k**2 - 16*k + 10. Calculate b(-10).
70
Let y(d) = -11*d**2 + 4*d - 2. Give y(1).
-9
Let b(w) = -w**3 - 3*w**2 + w - 4. Determine b(-4).
8
Let o(v) = -v**3 - 3*v**2 + 2*v + 6. Give o(-3).
0
Let b(u) = -2*u**2 - 15*u + 3. Determine b(-6).
21
Let k(v) = v**3 + v**2 + v - 47. What is k(0)?
-47
Let p(y) = -y**2 + 25*y - 14. Determine p(21).
70
Let d(t) = 37*t - 1. What is d(1)?
36
Let y(k) = 6*k + 37. What is y(-7)?
-5
Let k(n) = -n**2 + 5. Calculate k(-3).
-4
Let g(t) = -t**3 + 12*t**2 + 27*t + 14. Calculate g(14).
0
Let y(z) = -4*z + 123. What is y(28)?
11
Let z(v) = -3*v + 9. Determine z(-6).
27
Let h(k) = -k**3 - 19*k**2 + 2*k + 60. Calculate h(-19).
22
Let t(s) = s**2 - s - 5. Give t(-4).
15
Let f(v) = v - 51. Give f(3).
-48
Let d(v) = 4*v**2 + 64*v + 54. What is d(-15)?
-6
Let o(x) = x**2 + 7*x - 10. Calculate o(3).
20
Let p(u) = u**2 + 9*u - 36. Give p(-13).
16
Let h(a) = a - 8. What is h(13)?
5
Let l(r) = r**3 + 5*r**2 - 9*r - 1. Calculate l(-5).
44
Let q(f) = f**3 - 75*f**2 - 76*f + 1. Calculate q(76).
1
Let z(s) = s**2 - 11*s + 25. Give z(9).
7
Let x(d) = -d**2 + 2*d + 13. What is x(-6)?
-35
Let n(i) = 2*i**3 - 3*i**2 - 2*i - 3. Give n(-2).
-27
Let p(o) = -4*o**2 - 139*o + 34. What is p(-35)?
-1
Let h(v) = v**2 - 3*v - 3. Calculate h(-2).
7
Let u(v) = -v**3 + 6*v**2 + 5*v - 12. Calculate u(5).
38
Let h(r) = r**3 - 7*r**2 - 6*r. Calculate h(8).
16
Let o(m) = -18*m**2 - m - 1. Calculate o(1).
-20
Let j(r) = r**3 + 34*r**2 - 74*r - 86. What is j(-36)?
-14
Let m(v) = -14*v**2. Give m(1).
-14
Let n(w) = -w**3 - 8*w**2 + 3*w + 22. Calculate n(-8).
-2
Let f(j) = -j**2 + 5*j + 43. Give f(10).
-7
Let s(u) = 26*u + 2. Calculate s(-2).
-50
Let s(w) = -18*w + 53. Calculate s(3).
-1
Let j(f) = -f**2 - 3*f - 10. What is j(-6)?
-28
Let h(c) = -c**3 - 2*c**2 - 2*c. Give h(-2).
4
Let f(h) = -2*h**2 - 52*h - 41. Give f(-25).
9
Let j(r) = 5*r**2 + 43*r - 8. What is j(-8)?
-32
Let d(z) = -z - 7. Calculate d(2).
-9
Let b(z) = -3*z**2 - 40*z - 56. Give b(-12).
-8
Let p(w) = -w**2 - 4*w + 8. What is p(-6)?
-4
Let i(r) = 5*r + 2. What is i(4)?
22
Let y(w) = w**2 - 14*w - 86. Calculate y(19).
9
Let i(v) = 2*v**3 + 32*v**2 + 2*v + 37. Determine i(-16).
5
Let q(d) = -3*d**2 + 35*d - 14. Determine q(12).
-26
Let w(q) = 7*q**2 + 11*q + 4. Determine w(-2).
10
Let s(v) = 6*v**2 + 3*v + 5. Determine s(-2).
23
Let y(s) = -4*s**2 + 44*s - 97. Calculate y(8).
-1
Let h(w) = 2*w**2 - 29*w + 16. What is h(14)?
2
Let x(r) = -36*r + 1. Give x(1).
-35
Let i(j) = j**3 + 28*j**2 + 2*j + 64. Determine i(-28).
8
Let x(g) = -g**3 + 8*g**2 + 6*g + 16. Determine x(9).
-11
Let m(h) = 2*h + 16. Determine m(-10).
-4
Let t(i) = -i**2 - 31*i - 216. Determine t(-17).
22
Let k(o) = 19*o - 71. Give k(4).
5
Let y(r) = -2*r**2 - 3*r + 4. What is y(-4)?
-16
Let p(t) = -t**2 - 77*t - 663. Determine p(-10).
7
Let q(x) = -x**2 + 15*x - 4. Calculate q(14).
10
Let n(i) = -i**3 + 8*i**2 - 4*i - 4. What is n(7)?
17
Let l(i) = -i**2 + 21*i + 74. Calculate l(24).
2
Let t(c) = -c**3 - 11*c**2 - 7*c - 2. Determine t(-10).
-32
Let m(z) = -2*z**3 - z**2 + 3*z + 1. Determine m(-2).
7
Let z(w) = 2*w - 7. Calculate z(6).
5
Let h(l) = -l**3 - 16*l**2 - 14*l + 9. Give h(-15).
-6
Let n(y) = -7*y - 65. Calculate n(-10).
5
Let m(l) = -7*l + 27. Determine m(3).
6
Let o(g) = g**3 + 18*g**2 + 25*g + 139. Give o(-17).
3
Let v(b) = 37*b + 84. What is v(-2)?
10
Let f(k) = -k**2 - 18*k - 15. Give f(-7).
62
Let h(x) = 14*x - 55. Calculate h(3).
-13
Let u(z) = 12*z + 13. Give u(-12).
-131
Let q(s) = -54*s + 1. What is q(1)?
-53
Let z(c) = c**3 - 8*c**2 + 6*c + 7. Calculate z(7).
0
Let l(q) = -2*q**2 - 11*q - 14. What is l(-4)?
-2
Let z(g) = -g**2 + 5*g + 5. Calculate z(3).
11
Let s(r) = r**3 - 8*r**2 + 18*r - 8. Give s(5).
7
Let i(t) = -2*t**2 + 6*t - 12. Determine i(4).
-20
Let y(f) = f**2 - 10*f + 7. What is y(3)?
-14
Let g(t) = -10*t - 11. Give g(0).
-11
Let r(s) = -s**2 - 11*s + 24. Give r(-13).
-2
Let r(v) = -v**2 + 2*v - 4. Determine r(2).
-4
Let s(i) = i**3 + 7*i**2 - 5*i + 2. Determine s(-8).
-22
Let y(r) = -r**3 + 11*r**2 - 16. Determine y(11).
-16
Let m(j) = j**2 - 13*j + 30. Determine m(4).
-6
Let o(m) = m**3 + 18*m**2 - 66*m - 72. What is o(-21)?
-9
Let g(f) = f**2 - 22*f - 16. What is g(23)?
7
Let n(v) = v**2 + 6*v - 77. Give n(6).
-5
Let a(n) = n**2 + 10*n + 4. Calculate a(-10).
4
Let j(u) = -u**3 - 3*u**2 - 2*u + 1. What is j(-3)?
7
Let p(y) = 4*y - 107. Calculate p(34).
29
Let d(k) = -2*k + 39. Determine d(14).
11
Let w(j) = j**3 + 13*j**2 - 16*j - 15. What is w(-13)?
193
Let q(t) = t**3 + 7*t**2 - t - 4. Calculate q(-7).
3
Let a(p) = -2*p**3 + 3*p**2 - 4*p - 7. Calculate a(-3).
86
Let o(t) = -t**3 - 22*t**2 + 46*t - 47. Calculate o(-24).
1
Let c(n) = 2*n**2 - 7*n + 14. Determine c(7).
63
Let z(r) = 3*r + 18. Determine z(-11).
-15
Let g(w) = -10*w + 19. Calculate g(4).
-21
Let r(d) = d**3 - 9*d**2 - 2. What is r(9)?
-2
Let p(u) = -8*u**3 + 23*u**2 + 4*u. Calculate p(3).
3
Let u(v) = -v**3 + 26*v**2 - 69*v - 22. What is u(23)?
-22
Let d(a) = 3*a**3 - 2*a**2 - 4*a - 1. What is d(-1)?
-2
Let d(z) = z**3 - z**2 + 9*z - 6. What is d(4)?
78
Let j(u) = -u**3 + 17*u**2 - 62*u + 25. What is j(12)?
1
Let g(y) = -y**2 - 14*y - 34. Give g(-9).
11
Let m(i) = -16*i - 27. Calculate m(-3).
21
Let v(g) = g**2 - 33*g + 67. Calculate v(31).
5
Let v(m) = -23*m**2 - m. Calculate v(1).
-24
Let p(n) = -n**3 - 7*n**2 - 10*n - 5. Determine p(-6).
19
Let l(i) = i**3 + 9*i**2 - 5*i - 10. Determine l(-8).
94
Let y(b) = -b**3 - 30*b**2 - 31*b - 54. What is y(-29)?
4
Let c(o) = -o - 27. Calculate c(-5).
-22
Let y(q) = q**3 - 6*q**2 - 13*q - 3. Determine y(8).
21
Let m(f) = f**2 - 25*f + 44. Calculate m(23).
-2
Let o(h) = h - 5. Give o(-7).
-12
Let g(f) = -f**3 - 6*f**2 - 12*f - 36. Calculate g(-5).
-1
Let j(q) = -q**2 - 18*q - 68. Calculate j(-12).
4
Let g(p) = -3*p - 27. Give g(-9).
0
Let l(q) = -35*q - 978. Calculate l(-28).
2
Let a(c) = -c**3 - 2*c**2 - c - 4. Give a(-2).
-2
Let x(z) = z**3 + 31*z**2 - z - 35. Determine x(-31).
-4
Let o(i) = i - 10. Determine o(9).
-1
Let r(s) = -s**2 - 7*s - 20. Determine r(-7).
-20
Let r(l) = -47*l**2 - 5*l - 4. What is r(-1)?
-46
Let c(l) = -l**3 + l**2 + 2*l - 2. Determine c(1).
0
Let p(d) = 27*d - 70. Give p(2).
-16
Let i(p) = -10*p**3 + p**2 + p - 2. Calculate i(1).
-10
Let j(q) = q - 19. Calculate j(9).
-10
Let d(j) = j - 17. Determine d(-5).
-22
Let y(n) = -6*n**2 + 5*n + 6. Give y(5).
-119
Let z(u) = u**3 + 5*u**2 + 3*u - 3. Calculate z(-3).
6
Let s(y) = -18*